{"id":950,"date":"2011-07-04T14:16:46","date_gmt":"2011-07-04T13:16:46","guid":{"rendered":"http:\/\/maadraim.itos.pl\/?page_id=950"},"modified":"2024-04-28T16:00:47","modified_gmt":"2024-04-28T15:00:47","slug":"widoczki","status":"publish","type":"page","link":"https:\/\/maadraim.itos.pl\/?page_id=950","title":{"rendered":"Widoczki"},"content":{"rendered":"<p style=\"text-align: center;\">\n\t<a href=\"http:\/\/maadraim.itos.pl\/?page_id=953\"><img decoding=\"async\" alt=\"\" src=\"http:\/\/maadraim.itos.pl\/multimedia\/obrazki\/szablon\/niebo.jpg\" style=\"width: 243px; height: 63px;\" \/><\/a> &nbsp;&nbsp; <a href=\"http:\/\/maadraim.itos.pl\/?page_id=954\"><img decoding=\"async\" alt=\"\" src=\"http:\/\/maadraim.itos.pl\/multimedia\/obrazki\/szablon\/woda.jpg\" style=\"width: 243px; height: 63px;\" \/><\/a>\n<\/p>\n<p style=\"text-align: center;\">\n\t<a href=\"http:\/\/maadraim.itos.pl\/?page_id=1537\"><img decoding=\"async\" alt=\"\" src=\"http:\/\/maadraim.itos.pl\/multimedia\/obrazki\/szablon\/lod_snieg.jpg\" style=\"width: 243px; height: 63px;\" \/><\/a> &nbsp;&nbsp; <a href=\"https:\/\/maadraim.itos.pl\/?page_id=5689\"><img decoding=\"async\" alt=\"\" src=\"http:\/\/maadraim.itos.pl\/multimedia\/obrazki\/szablon\/kamienie_skaly.jpg\" style=\"width: 243px; height: 63px;\" \/> <\/a>\n<\/p>\n<p style=\"text-align: center;\">\n\t<a href=\"http:\/\/maadraim.itos.pl\/?page_id=4253\"><img decoding=\"async\" alt=\"\" src=\"http:\/\/maadraim.itos.pl\/multimedia\/obrazki\/szablon\/zjawiska.jpg\" style=\"width: 243px; height: 63px;\" \/><\/a> &nbsp;&nbsp; <a href=\"http:\/\/maadraim.itos.pl\/?page_id=982\"><img decoding=\"async\" alt=\"\" src=\"http:\/\/maadraim.itos.pl\/multimedia\/obrazki\/szablon\/krajobrazy.jpg\" style=\"width: 243px; height: 63px;\" \/><\/a><br \/>\n\t&nbsp;<br \/>\n\t&nbsp; <a href=\"http:\/\/maadraim.itos.pl\/?page_id=974\"><img decoding=\"async\" alt=\"\" src=\"http:\/\/maadraim.itos.pl\/multimedia\/obrazki\/szablon\/miasta.jpg\" style=\"width: 243px; height: 63px;\" \/><\/a>\n<\/p>\n<p style=\"text-align: center;\">\n\t&nbsp;\n<\/p>\n<p style=\"text-align: center;\">\n\t&nbsp;\n<\/p>\n<p style=\"text-align: center;\">\n\t&nbsp;\n<\/p>\n<p style=\"text-align: center;\">\n\t&nbsp;<\/p>\n","protected":false},"excerpt":{"rendered":"<p>&nbsp;&nbsp; &nbsp;&nbsp; &nbsp;&nbsp; &nbsp; &nbsp; &nbsp; &nbsp; &nbsp; &nbsp;<\/p>\n","protected":false},"author":1,"featured_media":0,"parent":707,"menu_order":2,"comment_status":"closed","ping_status":"closed","template":"","meta":{"ngg_post_thumbnail":0,"footnotes":""},"class_list":["post-950","page","type-page","status-publish","hentry"],"yoast_head":"<!-- This site is optimized with the Yoast SEO plugin v27.3 - https:\/\/yoast.com\/product\/yoast-seo-wordpress\/ -->\n<title>Widoczki - Maadraim - strona z tw\u00f3rczo\u015bci\u0105<\/title>\n<meta name=\"description\" content=\"Miejsce artystycznej fantazji. Muzyka, zdj\u0119cia, filmiki, kartki.\" \/>\n<meta name=\"robots\" content=\"index, follow, max-snippet:-1, max-image-preview:large, max-video-preview:-1\" \/>\n<link rel=\"canonical\" href=\"https:\/\/maadraim.itos.pl\/?page_id=950\" \/>\n<meta property=\"og:locale\" content=\"pl_PL\" \/>\n<meta property=\"og:type\" content=\"article\" \/>\n<meta property=\"og:title\" content=\"Widoczki - Maadraim - strona z tw\u00f3rczo\u015bci\u0105\" \/>\n<meta property=\"og:description\" content=\"Miejsce artystycznej fantazji. Muzyka, zdj\u0119cia, filmiki, kartki.\" \/>\n<meta property=\"og:url\" content=\"https:\/\/maadraim.itos.pl\/?page_id=950\" \/>\n<meta property=\"og:site_name\" content=\"Maadraim - strona z tw\u00f3rczo\u015bci\u0105\" \/>\n<meta property=\"article:modified_time\" content=\"2024-04-28T15:00:47+00:00\" \/>\n<meta property=\"og:image\" content=\"http:\/\/maadraim.itos.pl\/multimedia\/obrazki\/szablon\/niebo.jpg\" \/>\n<meta name=\"twitter:card\" content=\"summary_large_image\" \/>\n<meta name=\"twitter:label1\" content=\"Szacowany czas czytania\" \/>\n\t<meta name=\"twitter:data1\" content=\"2 minuty\" \/>\n<script type=\"application\/ld+json\" class=\"yoast-schema-graph\">{\"@context\":\"https:\\\/\\\/schema.org\",\"@graph\":[{\"@type\":\"WebPage\",\"@id\":\"https:\\\/\\\/maadraim.itos.pl\\\/?page_id=950\",\"url\":\"https:\\\/\\\/maadraim.itos.pl\\\/?page_id=950\",\"name\":\"Widoczki - Maadraim - strona z tw\u00f3rczo\u015bci\u0105\",\"isPartOf\":{\"@id\":\"https:\\\/\\\/maadraim.itos.pl\\\/#website\"},\"primaryImageOfPage\":{\"@id\":\"https:\\\/\\\/maadraim.itos.pl\\\/?page_id=950#primaryimage\"},\"image\":{\"@id\":\"https:\\\/\\\/maadraim.itos.pl\\\/?page_id=950#primaryimage\"},\"thumbnailUrl\":\"http:\\\/\\\/maadraim.itos.pl\\\/multimedia\\\/obrazki\\\/szablon\\\/niebo.jpg\",\"datePublished\":\"2011-07-04T13:16:46+00:00\",\"dateModified\":\"2024-04-28T15:00:47+00:00\",\"description\":\"Miejsce artystycznej fantazji. Muzyka, zdj\u0119cia, filmiki, kartki.\",\"breadcrumb\":{\"@id\":\"https:\\\/\\\/maadraim.itos.pl\\\/?page_id=950#breadcrumb\"},\"inLanguage\":\"pl-PL\",\"potentialAction\":[{\"@type\":\"ReadAction\",\"target\":[\"https:\\\/\\\/maadraim.itos.pl\\\/?page_id=950\"]}]},{\"@type\":\"ImageObject\",\"inLanguage\":\"pl-PL\",\"@id\":\"https:\\\/\\\/maadraim.itos.pl\\\/?page_id=950#primaryimage\",\"url\":\"http:\\\/\\\/maadraim.itos.pl\\\/multimedia\\\/obrazki\\\/szablon\\\/niebo.jpg\",\"contentUrl\":\"http:\\\/\\\/maadraim.itos.pl\\\/multimedia\\\/obrazki\\\/szablon\\\/niebo.jpg\"},{\"@type\":\"BreadcrumbList\",\"@id\":\"https:\\\/\\\/maadraim.itos.pl\\\/?page_id=950#breadcrumb\",\"itemListElement\":[{\"@type\":\"ListItem\",\"position\":1,\"name\":\"Strona g\u0142\u00f3wna\",\"item\":\"https:\\\/\\\/maadraim.itos.pl\\\/\"},{\"@type\":\"ListItem\",\"position\":2,\"name\":\"Galerie zdj\u0119\u0107\",\"item\":\"https:\\\/\\\/maadraim.itos.pl\\\/?page_id=707\"},{\"@type\":\"ListItem\",\"position\":3,\"name\":\"Widoczki\"}]},{\"@type\":\"WebSite\",\"@id\":\"https:\\\/\\\/maadraim.itos.pl\\\/#website\",\"url\":\"https:\\\/\\\/maadraim.itos.pl\\\/\",\"name\":\"Maadraim - strona z tw\u00f3rczo\u015bci\u0105\",\"description\":\"Miejsce artystycznej fantazji. Muzyka, zdj\u0119cia, filmiki, kartki.\",\"alternateName\":\"Maadraim\",\"potentialAction\":[{\"@type\":\"SearchAction\",\"target\":{\"@type\":\"EntryPoint\",\"urlTemplate\":\"https:\\\/\\\/maadraim.itos.pl\\\/?s={search_term_string}\"},\"query-input\":{\"@type\":\"PropertyValueSpecification\",\"valueRequired\":true,\"valueName\":\"search_term_string\"}}],\"inLanguage\":\"pl-PL\"}]}<\/script>\n<!-- \/ Yoast SEO plugin. -->","yoast_head_json":{"title":"Widoczki - Maadraim - strona z tw\u00f3rczo\u015bci\u0105","description":"Miejsce artystycznej fantazji. Muzyka, zdj\u0119cia, filmiki, kartki.","robots":{"index":"index","follow":"follow","max-snippet":"max-snippet:-1","max-image-preview":"max-image-preview:large","max-video-preview":"max-video-preview:-1"},"canonical":"https:\/\/maadraim.itos.pl\/?page_id=950","og_locale":"pl_PL","og_type":"article","og_title":"Widoczki - Maadraim - strona z tw\u00f3rczo\u015bci\u0105","og_description":"Miejsce artystycznej fantazji. Muzyka, zdj\u0119cia, filmiki, kartki.","og_url":"https:\/\/maadraim.itos.pl\/?page_id=950","og_site_name":"Maadraim - strona z tw\u00f3rczo\u015bci\u0105","article_modified_time":"2024-04-28T15:00:47+00:00","og_image":[{"url":"http:\/\/maadraim.itos.pl\/multimedia\/obrazki\/szablon\/niebo.jpg","type":"","width":"","height":""}],"twitter_card":"summary_large_image","twitter_misc":{"Szacowany czas czytania":"2 minuty"},"schema":{"@context":"https:\/\/schema.org","@graph":[{"@type":"WebPage","@id":"https:\/\/maadraim.itos.pl\/?page_id=950","url":"https:\/\/maadraim.itos.pl\/?page_id=950","name":"Widoczki - Maadraim - strona z tw\u00f3rczo\u015bci\u0105","isPartOf":{"@id":"https:\/\/maadraim.itos.pl\/#website"},"primaryImageOfPage":{"@id":"https:\/\/maadraim.itos.pl\/?page_id=950#primaryimage"},"image":{"@id":"https:\/\/maadraim.itos.pl\/?page_id=950#primaryimage"},"thumbnailUrl":"http:\/\/maadraim.itos.pl\/multimedia\/obrazki\/szablon\/niebo.jpg","datePublished":"2011-07-04T13:16:46+00:00","dateModified":"2024-04-28T15:00:47+00:00","description":"Miejsce artystycznej fantazji. Muzyka, zdj\u0119cia, filmiki, kartki.","breadcrumb":{"@id":"https:\/\/maadraim.itos.pl\/?page_id=950#breadcrumb"},"inLanguage":"pl-PL","potentialAction":[{"@type":"ReadAction","target":["https:\/\/maadraim.itos.pl\/?page_id=950"]}]},{"@type":"ImageObject","inLanguage":"pl-PL","@id":"https:\/\/maadraim.itos.pl\/?page_id=950#primaryimage","url":"http:\/\/maadraim.itos.pl\/multimedia\/obrazki\/szablon\/niebo.jpg","contentUrl":"http:\/\/maadraim.itos.pl\/multimedia\/obrazki\/szablon\/niebo.jpg"},{"@type":"BreadcrumbList","@id":"https:\/\/maadraim.itos.pl\/?page_id=950#breadcrumb","itemListElement":[{"@type":"ListItem","position":1,"name":"Strona g\u0142\u00f3wna","item":"https:\/\/maadraim.itos.pl\/"},{"@type":"ListItem","position":2,"name":"Galerie zdj\u0119\u0107","item":"https:\/\/maadraim.itos.pl\/?page_id=707"},{"@type":"ListItem","position":3,"name":"Widoczki"}]},{"@type":"WebSite","@id":"https:\/\/maadraim.itos.pl\/#website","url":"https:\/\/maadraim.itos.pl\/","name":"Maadraim - strona z tw\u00f3rczo\u015bci\u0105","description":"Miejsce artystycznej fantazji. Muzyka, zdj\u0119cia, filmiki, kartki.","alternateName":"Maadraim","potentialAction":[{"@type":"SearchAction","target":{"@type":"EntryPoint","urlTemplate":"https:\/\/maadraim.itos.pl\/?s={search_term_string}"},"query-input":{"@type":"PropertyValueSpecification","valueRequired":true,"valueName":"search_term_string"}}],"inLanguage":"pl-PL"}]}},"_links":{"self":[{"href":"https:\/\/maadraim.itos.pl\/index.php?rest_route=\/wp\/v2\/pages\/950","targetHints":{"allow":["GET"]}}],"collection":[{"href":"https:\/\/maadraim.itos.pl\/index.php?rest_route=\/wp\/v2\/pages"}],"about":[{"href":"https:\/\/maadraim.itos.pl\/index.php?rest_route=\/wp\/v2\/types\/page"}],"author":[{"embeddable":true,"href":"https:\/\/maadraim.itos.pl\/index.php?rest_route=\/wp\/v2\/users\/1"}],"replies":[{"embeddable":true,"href":"https:\/\/maadraim.itos.pl\/index.php?rest_route=%2Fwp%2Fv2%2Fcomments&post=950"}],"version-history":[{"count":22,"href":"https:\/\/maadraim.itos.pl\/index.php?rest_route=\/wp\/v2\/pages\/950\/revisions"}],"predecessor-version":[{"id":5702,"href":"https:\/\/maadraim.itos.pl\/index.php?rest_route=\/wp\/v2\/pages\/950\/revisions\/5702"}],"up":[{"embeddable":true,"href":"https:\/\/maadraim.itos.pl\/index.php?rest_route=\/wp\/v2\/pages\/707"}],"wp:attachment":[{"href":"https:\/\/maadraim.itos.pl\/index.php?rest_route=%2Fwp%2Fv2%2Fmedia&parent=950"}],"curies":[{"name":"wp","href":"https:\/\/api.w.org\/{rel}","templated":true}]}}