{"id":2144,"date":"2013-05-25T20:45:43","date_gmt":"2013-05-25T19:45:43","guid":{"rendered":"http:\/\/maadraim.itos.pl\/?page_id=2144"},"modified":"2025-04-24T18:59:01","modified_gmt":"2025-04-24T17:59:01","slug":"ciekawe-strony","status":"publish","type":"page","link":"https:\/\/maadraim.itos.pl\/?page_id=2144","title":{"rendered":"Adresy stron"},"content":{"rendered":"<p style=\"text-align: center;\">\n\t<span style=\"color:#cc6699;\"><span style=\"font-size: 24px;\">Moja tw&oacute;rczo\u015b\u0107 w internecie<\/span><\/span>\n<\/p>\n<p style=\"text-align: center;\">\n\t<a href=\"https:\/\/soundcloud.com\/maadraim\" rel=\"noopener noreferrer\" target=\"_blank\"><span style=\"color: #666699;\"><span style=\"font-size: 16px;\">Soundcloud<\/span><\/span><\/a>\n<\/p>\n<p style=\"text-align: center;\">\n\t<a href=\"https:\/\/hearthis.at\/maadraim-4k\/\" rel=\"noopener noreferrer\" target=\"_blank\"><span style=\"color: #666699;\"><span style=\"font-size: 16px;\">Hearthis<\/span><\/span><\/a>\n<\/p>\n<p style=\"text-align: center;\">\n\t<a href=\"https:\/\/audiomack.com\/maadraim\" rel=\"noopener noreferrer\" target=\"_blank\"><span style=\"color: #666699;\"><span style=\"font-size: 16px;\">Audiomack<\/span><\/span><\/a>\n<\/p>\n<p style=\"text-align: center;\">\n\t<a href=\"https:\/\/freesound.org\/people\/Maadraim\/\" rel=\"noopener\" target=\"_blank\"><span style=\"color: #666699;\"><span style=\"font-size: 16px;\">Freesound<\/span><\/span><\/a>\n<\/p>\n<p style=\"text-align: center;\">\n\t&nbsp;\n<\/p>\n<p style=\"text-align: center;\">\n\t<span style=\"color:#cc6699;\"><span style=\"font-size: 24px;\">Adresy r&oacute;\u017cnych stron<\/span><\/span>\n<\/p>\n<p style=\"text-align: center;\">\n\t<a href=\"https:\/\/majamagiaczytania.blogspot.com\/\" rel=\"noopener noreferrer\" target=\"_blank\"><span style=\"color: #666699;\"><span style=\"font-size: 16px;\">https:\/\/majamagiaczytania.blogspot.com\/<\/span><\/span><\/a><br \/>\n\t<span style=\"font-size:18px;\"><span style=\"color:#cc6666;\"><span style=\"font-family:courier new,courier,monospace;\">Blog z recenzjami ksi\u0105\u017cek dla nastolatk&oacute;w.<\/span><\/span><\/span>\n<\/p>\n<p style=\"text-align: center;\">\n\t<a href=\"http:\/\/www.marcinwilk.eu\" rel=\"noopener noreferrer\" target=\"_blank\"><span style=\"color: #666699;\"><span style=\"font-size: 16px;\">http:\/\/www.marcinwilk.eu<\/span><\/span><\/a><br \/>\n\t<span style=\"font-size:18px;\"><span style=\"font-family:courier new,courier,monospace;\"><span style=\"color: #cc6666;\">Oprogramowanie, sprz\u0119t, porady. Strona Marcina Wilka.<\/span><\/span><\/span>\n<\/p>\n<p style=\"text-align: center;\">\n\t<a href=\"https:\/\/www.itos.pl\/\" rel=\"noopener noreferrer\" target=\"_blank\"><span style=\"color: #666699;\"><span style=\"font-size: 16px;\">https:\/\/www.itos.pl\/<\/span><\/span><\/a><br \/>\n\t<span style=\"font-size:18px;\"><span style=\"font-family:courier new,courier,monospace;\"><span style=\"color: #cc6666;\">Us\u0142ugi komputerowe.<\/span><\/span><\/span>\n<\/p>\n<p style=\"text-align: center;\">\n\t<a href=\"https:\/\/randomseed.pl\/\" rel=\"noopener noreferrer\" target=\"_blank\"><span style=\"color: #666699;\"><span style=\"font-size: 16px;\">https:\/\/randomseed.pl\/<\/span><\/span><\/a><br \/>\n\t<span style=\"font-size:18px;\"><span style=\"font-family:courier new,courier,monospace;\"><span style=\"color: #cc6666;\">Programowanie, bezpiecze\u0144stwo komputerowe i inne.<\/span><\/span><\/span>\n<\/p>\n<p style=\"text-align: center;\">\n\t<a href=\"http:\/\/elmjuzik.blogspot.com\/\" rel=\"noopener noreferrer\" target=\"_blank\"><span style=\"color: #666699;\"><span style=\"font-size: 16px;\">http:\/\/elmjuzik.blogspot.com\/<\/span><\/span><\/a><br \/>\n\t<span style=\"font-size:18px;\"><span style=\"font-family:courier new,courier,monospace;\"><span style=\"color: #cc6666;\">Blog Wojciecha Wszelakiego, tw&oacute;rcy muzyki elektronicznej.<\/span><\/span><\/span>\n<\/p>\n<p style=\"text-align: center;\">\n\t<a href=\"https:\/\/maciejwilgan.blogspot.com\/\" rel=\"noopener noreferrer\" target=\"_blank\"><span style=\"color: #666699;\"><span style=\"font-size: 16px;\">https:\/\/maciejwilgan.blogspot.com\/<\/span><\/span><\/a><br \/>\n\t<span style=\"font-size:18px;\"><span style=\"font-family:courier new,courier,monospace;\"><span style=\"color: #cc6666;\">Galerie zdj\u0119\u0107 Macieja Wilgana, du\u017co ciekawostek podr&oacute;\u017cniczych.<\/span><\/span><\/span>\n<\/p>\n<p style=\"text-align: center;\">\n\t<a href=\"https:\/\/www.zabirski.art\/library\/albums\" rel=\"noopener noreferrer\" target=\"_blank\"><span style=\"color: #666699;\"><span style=\"font-size: 16px;\">www.zabirski.art\/library\/albums\/<\/span><\/span><\/a><br \/>\n\t<span style=\"font-size:18px;\"><span style=\"font-family:courier new,courier,monospace;\"><span style=\"color: #cc6666;\">Muzyczna tw&oacute;rczo\u015b\u0107 Zabirskiego. Dla s\u0142uchaczy poszukuj\u0105cych gitarowych melodii. <\/span><\/span><\/span>\n<\/p>\n<p style=\"text-align: center;\">\n\t&nbsp;<\/p>\n","protected":false},"excerpt":{"rendered":"<p>Moja tw&oacute;rczo\u015b\u0107 w internecie Soundcloud Hearthis Audiomack Freesound &nbsp; Adresy r&oacute;\u017cnych stron https:\/\/majamagiaczytania.blogspot.com\/ Blog z recenzjami ksi\u0105\u017cek dla nastolatk&oacute;w. http:\/\/www.marcinwilk.eu Oprogramowanie, sprz\u0119t, porady. Strona Marcina Wilka. https:\/\/www.itos.pl\/ Us\u0142ugi komputerowe. https:\/\/randomseed.pl\/ Programowanie, bezpiecze\u0144stwo komputerowe i inne. http:\/\/elmjuzik.blogspot.com\/ Blog Wojciecha Wszelakiego, tw&oacute;rcy muzyki elektronicznej. https:\/\/maciejwilgan.blogspot.com\/ Galerie zdj\u0119\u0107 Macieja Wilgana, du\u017co ciekawostek podr&oacute;\u017cniczych. www.zabirski.art\/library\/albums\/ Muzyczna tw&oacute;rczo\u015b\u0107 Zabirskiego. Dla [&hellip;]<\/p>\n","protected":false},"author":1,"featured_media":0,"parent":0,"menu_order":24,"comment_status":"closed","ping_status":"closed","template":"","meta":{"ngg_post_thumbnail":0,"footnotes":""},"class_list":["post-2144","page","type-page","status-publish","hentry"],"yoast_head":"<!-- This site is optimized with the Yoast SEO plugin v27.4 - https:\/\/yoast.com\/product\/yoast-seo-wordpress\/ -->\n<title>Adresy stron - Maadraim - strona z tw\u00f3rczo\u015bci\u0105<\/title>\n<meta name=\"description\" content=\"Miejsce artystycznej fantazji. Muzyka, zdj\u0119cia, filmiki, kartki.\" \/>\n<meta name=\"robots\" content=\"index, follow, max-snippet:-1, max-image-preview:large, max-video-preview:-1\" \/>\n<link rel=\"canonical\" href=\"https:\/\/maadraim.itos.pl\/?page_id=2144\" \/>\n<meta property=\"og:locale\" content=\"pl_PL\" \/>\n<meta property=\"og:type\" content=\"article\" \/>\n<meta property=\"og:title\" content=\"Adresy stron - Maadraim - strona z tw\u00f3rczo\u015bci\u0105\" \/>\n<meta property=\"og:description\" content=\"Miejsce artystycznej fantazji. Muzyka, zdj\u0119cia, filmiki, kartki.\" \/>\n<meta property=\"og:url\" content=\"https:\/\/maadraim.itos.pl\/?page_id=2144\" \/>\n<meta property=\"og:site_name\" content=\"Maadraim - strona z tw\u00f3rczo\u015bci\u0105\" \/>\n<meta property=\"article:modified_time\" content=\"2025-04-24T17:59:01+00:00\" \/>\n<meta property=\"og:image\" content=\"https:\/\/maadraim.itos.pl\/wp-content\/uploads\/2023\/05\/Maadraim800.jpg\" \/>\n\t<meta property=\"og:image:width\" content=\"800\" \/>\n\t<meta property=\"og:image:height\" content=\"800\" \/>\n\t<meta property=\"og:image:type\" content=\"image\/jpeg\" \/>\n<meta name=\"twitter:card\" content=\"summary_large_image\" \/>\n<meta name=\"twitter:label1\" content=\"Szacowany czas czytania\" \/>\n\t<meta name=\"twitter:data1\" content=\"1 minuta\" \/>\n<script type=\"application\/ld+json\" class=\"yoast-schema-graph\">{\"@context\":\"https:\\\/\\\/schema.org\",\"@graph\":[{\"@type\":\"WebPage\",\"@id\":\"https:\\\/\\\/maadraim.itos.pl\\\/?page_id=2144\",\"url\":\"https:\\\/\\\/maadraim.itos.pl\\\/?page_id=2144\",\"name\":\"Adresy stron - Maadraim - strona z tw\u00f3rczo\u015bci\u0105\",\"isPartOf\":{\"@id\":\"https:\\\/\\\/maadraim.itos.pl\\\/#website\"},\"datePublished\":\"2013-05-25T19:45:43+00:00\",\"dateModified\":\"2025-04-24T17:59:01+00:00\",\"description\":\"Miejsce artystycznej fantazji. Muzyka, zdj\u0119cia, filmiki, kartki.\",\"breadcrumb\":{\"@id\":\"https:\\\/\\\/maadraim.itos.pl\\\/?page_id=2144#breadcrumb\"},\"inLanguage\":\"pl-PL\",\"potentialAction\":[{\"@type\":\"ReadAction\",\"target\":[\"https:\\\/\\\/maadraim.itos.pl\\\/?page_id=2144\"]}]},{\"@type\":\"BreadcrumbList\",\"@id\":\"https:\\\/\\\/maadraim.itos.pl\\\/?page_id=2144#breadcrumb\",\"itemListElement\":[{\"@type\":\"ListItem\",\"position\":1,\"name\":\"Strona g\u0142\u00f3wna\",\"item\":\"https:\\\/\\\/maadraim.itos.pl\\\/\"},{\"@type\":\"ListItem\",\"position\":2,\"name\":\"Adresy stron\"}]},{\"@type\":\"WebSite\",\"@id\":\"https:\\\/\\\/maadraim.itos.pl\\\/#website\",\"url\":\"https:\\\/\\\/maadraim.itos.pl\\\/\",\"name\":\"Maadraim - strona z tw\u00f3rczo\u015bci\u0105\",\"description\":\"Miejsce artystycznej fantazji. Muzyka, zdj\u0119cia, filmiki, kartki.\",\"alternateName\":\"Maadraim\",\"potentialAction\":[{\"@type\":\"SearchAction\",\"target\":{\"@type\":\"EntryPoint\",\"urlTemplate\":\"https:\\\/\\\/maadraim.itos.pl\\\/?s={search_term_string}\"},\"query-input\":{\"@type\":\"PropertyValueSpecification\",\"valueRequired\":true,\"valueName\":\"search_term_string\"}}],\"inLanguage\":\"pl-PL\"}]}<\/script>\n<!-- \/ Yoast SEO plugin. -->","yoast_head_json":{"title":"Adresy stron - Maadraim - strona z tw\u00f3rczo\u015bci\u0105","description":"Miejsce artystycznej fantazji. Muzyka, zdj\u0119cia, filmiki, kartki.","robots":{"index":"index","follow":"follow","max-snippet":"max-snippet:-1","max-image-preview":"max-image-preview:large","max-video-preview":"max-video-preview:-1"},"canonical":"https:\/\/maadraim.itos.pl\/?page_id=2144","og_locale":"pl_PL","og_type":"article","og_title":"Adresy stron - Maadraim - strona z tw\u00f3rczo\u015bci\u0105","og_description":"Miejsce artystycznej fantazji. Muzyka, zdj\u0119cia, filmiki, kartki.","og_url":"https:\/\/maadraim.itos.pl\/?page_id=2144","og_site_name":"Maadraim - strona z tw\u00f3rczo\u015bci\u0105","article_modified_time":"2025-04-24T17:59:01+00:00","og_image":[{"width":800,"height":800,"url":"https:\/\/maadraim.itos.pl\/wp-content\/uploads\/2023\/05\/Maadraim800.jpg","type":"image\/jpeg"}],"twitter_card":"summary_large_image","twitter_misc":{"Szacowany czas czytania":"1 minuta"},"schema":{"@context":"https:\/\/schema.org","@graph":[{"@type":"WebPage","@id":"https:\/\/maadraim.itos.pl\/?page_id=2144","url":"https:\/\/maadraim.itos.pl\/?page_id=2144","name":"Adresy stron - Maadraim - strona z tw\u00f3rczo\u015bci\u0105","isPartOf":{"@id":"https:\/\/maadraim.itos.pl\/#website"},"datePublished":"2013-05-25T19:45:43+00:00","dateModified":"2025-04-24T17:59:01+00:00","description":"Miejsce artystycznej fantazji. Muzyka, zdj\u0119cia, filmiki, kartki.","breadcrumb":{"@id":"https:\/\/maadraim.itos.pl\/?page_id=2144#breadcrumb"},"inLanguage":"pl-PL","potentialAction":[{"@type":"ReadAction","target":["https:\/\/maadraim.itos.pl\/?page_id=2144"]}]},{"@type":"BreadcrumbList","@id":"https:\/\/maadraim.itos.pl\/?page_id=2144#breadcrumb","itemListElement":[{"@type":"ListItem","position":1,"name":"Strona g\u0142\u00f3wna","item":"https:\/\/maadraim.itos.pl\/"},{"@type":"ListItem","position":2,"name":"Adresy stron"}]},{"@type":"WebSite","@id":"https:\/\/maadraim.itos.pl\/#website","url":"https:\/\/maadraim.itos.pl\/","name":"Maadraim - strona z tw\u00f3rczo\u015bci\u0105","description":"Miejsce artystycznej fantazji. Muzyka, zdj\u0119cia, filmiki, kartki.","alternateName":"Maadraim","potentialAction":[{"@type":"SearchAction","target":{"@type":"EntryPoint","urlTemplate":"https:\/\/maadraim.itos.pl\/?s={search_term_string}"},"query-input":{"@type":"PropertyValueSpecification","valueRequired":true,"valueName":"search_term_string"}}],"inLanguage":"pl-PL"}]}},"_links":{"self":[{"href":"https:\/\/maadraim.itos.pl\/index.php?rest_route=\/wp\/v2\/pages\/2144","targetHints":{"allow":["GET"]}}],"collection":[{"href":"https:\/\/maadraim.itos.pl\/index.php?rest_route=\/wp\/v2\/pages"}],"about":[{"href":"https:\/\/maadraim.itos.pl\/index.php?rest_route=\/wp\/v2\/types\/page"}],"author":[{"embeddable":true,"href":"https:\/\/maadraim.itos.pl\/index.php?rest_route=\/wp\/v2\/users\/1"}],"replies":[{"embeddable":true,"href":"https:\/\/maadraim.itos.pl\/index.php?rest_route=%2Fwp%2Fv2%2Fcomments&post=2144"}],"version-history":[{"count":72,"href":"https:\/\/maadraim.itos.pl\/index.php?rest_route=\/wp\/v2\/pages\/2144\/revisions"}],"predecessor-version":[{"id":15380,"href":"https:\/\/maadraim.itos.pl\/index.php?rest_route=\/wp\/v2\/pages\/2144\/revisions\/15380"}],"wp:attachment":[{"href":"https:\/\/maadraim.itos.pl\/index.php?rest_route=%2Fwp%2Fv2%2Fmedia&parent=2144"}],"curies":[{"name":"wp","href":"https:\/\/api.w.org\/{rel}","templated":true}]}}