{"id":15539,"date":"2025-06-03T13:29:06","date_gmt":"2025-06-03T12:29:06","guid":{"rendered":"https:\/\/maadraim.itos.pl\/?page_id=15539"},"modified":"2025-06-09T15:33:40","modified_gmt":"2025-06-09T14:33:40","slug":"kolekcje","status":"publish","type":"page","link":"https:\/\/maadraim.itos.pl\/?page_id=15539","title":{"rendered":"Kolekcje"},"content":{"rendered":"<p style=\"text-align: center;\">\n\t<em><span style=\"font-size:24px;\"><strong><span style=\"font-family:georgia,serif;\"><a href=\"https:\/\/maadraim.itos.pl\/?page_id=15537\"><span style=\"color:#cc6666;\">Longwood Gardens&nbsp;<\/span><\/a><span style=\"color:#cc6699;\">(2025)<\/span><br \/>\n\t<a href=\"https:\/\/maadraim.itos.pl\/?page_id=15535\"><span style=\"color:#cc6666;\">Drzewa w bieli <\/span><\/a><span style=\"color:#cc6699;\">(2025)<\/span><br \/>\n\t<a href=\"https:\/\/maadraim.itos.pl\/?page_id=15533\"><span style=\"color:#cc6666;\">Sudeckie widoki <\/span><\/a><span style=\"color:#cc6699;\">(2024)<\/span><br \/>\n\t<a href=\"https:\/\/maadraim.itos.pl\/?page_id=15531\"><span style=\"color:#cc6666;\">Kwietniowy wsch&oacute;d s\u0142o\u0144ca&nbsp;<\/span><\/a><span style=\"color:#cc6699;\">(2024)<\/span><br \/>\n\t<a href=\"https:\/\/maadraim.itos.pl\/?page_id=15529\"><span style=\"color:#cc6666;\">Jesienne barwy&nbsp;<\/span><\/a><span style=\"color:#cc6699;\">(2023)<\/span><br \/>\n\t<a href=\"https:\/\/maadraim.itos.pl\/?page_id=15527\"><span style=\"color:#cc6666;\">Pa\u017adziernikowy wsch&oacute;d s\u0142o\u0144ca&nbsp;<\/span><\/a><span style=\"color:#cc6699;\">(2023)<\/span><br \/>\n\t<a href=\"https:\/\/maadraim.itos.pl\/?page_id=15525\"><span style=\"color:#cc6666;\">Wrze\u015bniowy wsch&oacute;d s\u0142o\u0144ca<\/span><\/a><a href=\"https:\/\/maadraim.itos.pl\/?page_id=15525\"><span style=\"color:#cc6666;\">&nbsp;<\/span><\/a><span style=\"color:#cc6699;\">(2023)<\/span><br \/>\n\t<a href=\"https:\/\/maadraim.itos.pl\/?page_id=15523\"><span style=\"color:#cc6666;\">Kwietniowa wiosna<\/span><\/a><span style=\"color:#cc6666;\">&nbsp;<\/span><span style=\"color:#cc6699;\">(2023)<\/span><br \/>\n\t<a href=\"https:\/\/maadraim.itos.pl\/?page_id=15521\"><span style=\"color:#cc6666;\">Droga na \u015anie\u017ck\u0119<\/span><\/a><span style=\"color:#cc6666;\">&nbsp;<\/span><span style=\"color:#cc6699;\">(2022)<\/span><\/span><\/strong><\/span><\/em><\/p>\n","protected":false},"excerpt":{"rendered":"<p>Longwood Gardens&nbsp;(2025) Drzewa w bieli (2025) Sudeckie widoki (2024) Kwietniowy wsch&oacute;d s\u0142o\u0144ca&nbsp;(2024) Jesienne barwy&nbsp;(2023) Pa\u017adziernikowy wsch&oacute;d s\u0142o\u0144ca&nbsp;(2023) Wrze\u015bniowy wsch&oacute;d s\u0142o\u0144ca&nbsp;(2023) Kwietniowa wiosna&nbsp;(2023) Droga na \u015anie\u017ck\u0119&nbsp;(2022)<\/p>\n","protected":false},"author":1,"featured_media":0,"parent":707,"menu_order":7,"comment_status":"closed","ping_status":"closed","template":"","meta":{"ngg_post_thumbnail":0,"footnotes":""},"class_list":["post-15539","page","type-page","status-publish","hentry"],"yoast_head":"<!-- This site is optimized with the Yoast SEO plugin v27.3 - https:\/\/yoast.com\/product\/yoast-seo-wordpress\/ -->\n<title>Kolekcje - Maadraim - strona z tw\u00f3rczo\u015bci\u0105<\/title>\n<meta name=\"robots\" content=\"index, follow, max-snippet:-1, max-image-preview:large, max-video-preview:-1\" \/>\n<link rel=\"canonical\" href=\"https:\/\/maadraim.itos.pl\/?page_id=15539\" \/>\n<meta property=\"og:locale\" content=\"pl_PL\" \/>\n<meta property=\"og:type\" content=\"article\" \/>\n<meta property=\"og:title\" content=\"Kolekcje - Maadraim - strona z tw\u00f3rczo\u015bci\u0105\" \/>\n<meta property=\"og:description\" content=\"Longwood Gardens&nbsp;(2025) Drzewa w bieli (2025) Sudeckie widoki (2024) Kwietniowy wsch&oacute;d s\u0142o\u0144ca&nbsp;(2024) Jesienne barwy&nbsp;(2023) Pa\u017adziernikowy wsch&oacute;d s\u0142o\u0144ca&nbsp;(2023) Wrze\u015bniowy wsch&oacute;d s\u0142o\u0144ca&nbsp;(2023) Kwietniowa wiosna&nbsp;(2023) Droga na \u015anie\u017ck\u0119&nbsp;(2022)\" \/>\n<meta property=\"og:url\" content=\"https:\/\/maadraim.itos.pl\/?page_id=15539\" \/>\n<meta property=\"og:site_name\" content=\"Maadraim - strona z tw\u00f3rczo\u015bci\u0105\" \/>\n<meta property=\"article:modified_time\" content=\"2025-06-09T14:33:40+00:00\" \/>\n<meta property=\"og:image\" content=\"https:\/\/maadraim.itos.pl\/wp-content\/uploads\/2023\/05\/Maadraim800.jpg\" \/>\n\t<meta property=\"og:image:width\" content=\"800\" \/>\n\t<meta property=\"og:image:height\" content=\"800\" \/>\n\t<meta property=\"og:image:type\" content=\"image\/jpeg\" \/>\n<meta name=\"twitter:card\" content=\"summary_large_image\" \/>\n<meta name=\"twitter:label1\" content=\"Szacowany czas czytania\" \/>\n\t<meta name=\"twitter:data1\" content=\"1 minuta\" \/>\n<script type=\"application\/ld+json\" class=\"yoast-schema-graph\">{\"@context\":\"https:\\\/\\\/schema.org\",\"@graph\":[{\"@type\":\"WebPage\",\"@id\":\"https:\\\/\\\/maadraim.itos.pl\\\/?page_id=15539\",\"url\":\"https:\\\/\\\/maadraim.itos.pl\\\/?page_id=15539\",\"name\":\"Kolekcje - Maadraim - strona z tw\u00f3rczo\u015bci\u0105\",\"isPartOf\":{\"@id\":\"https:\\\/\\\/maadraim.itos.pl\\\/#website\"},\"datePublished\":\"2025-06-03T12:29:06+00:00\",\"dateModified\":\"2025-06-09T14:33:40+00:00\",\"breadcrumb\":{\"@id\":\"https:\\\/\\\/maadraim.itos.pl\\\/?page_id=15539#breadcrumb\"},\"inLanguage\":\"pl-PL\",\"potentialAction\":[{\"@type\":\"ReadAction\",\"target\":[\"https:\\\/\\\/maadraim.itos.pl\\\/?page_id=15539\"]}]},{\"@type\":\"BreadcrumbList\",\"@id\":\"https:\\\/\\\/maadraim.itos.pl\\\/?page_id=15539#breadcrumb\",\"itemListElement\":[{\"@type\":\"ListItem\",\"position\":1,\"name\":\"Strona g\u0142\u00f3wna\",\"item\":\"https:\\\/\\\/maadraim.itos.pl\\\/\"},{\"@type\":\"ListItem\",\"position\":2,\"name\":\"Galerie zdj\u0119\u0107\",\"item\":\"https:\\\/\\\/maadraim.itos.pl\\\/?page_id=707\"},{\"@type\":\"ListItem\",\"position\":3,\"name\":\"Kolekcje\"}]},{\"@type\":\"WebSite\",\"@id\":\"https:\\\/\\\/maadraim.itos.pl\\\/#website\",\"url\":\"https:\\\/\\\/maadraim.itos.pl\\\/\",\"name\":\"Maadraim - strona z tw\u00f3rczo\u015bci\u0105\",\"description\":\"Miejsce artystycznej fantazji. Muzyka, zdj\u0119cia, filmiki, kartki.\",\"alternateName\":\"Maadraim\",\"potentialAction\":[{\"@type\":\"SearchAction\",\"target\":{\"@type\":\"EntryPoint\",\"urlTemplate\":\"https:\\\/\\\/maadraim.itos.pl\\\/?s={search_term_string}\"},\"query-input\":{\"@type\":\"PropertyValueSpecification\",\"valueRequired\":true,\"valueName\":\"search_term_string\"}}],\"inLanguage\":\"pl-PL\"}]}<\/script>\n<!-- \/ Yoast SEO plugin. -->","yoast_head_json":{"title":"Kolekcje - Maadraim - strona z tw\u00f3rczo\u015bci\u0105","robots":{"index":"index","follow":"follow","max-snippet":"max-snippet:-1","max-image-preview":"max-image-preview:large","max-video-preview":"max-video-preview:-1"},"canonical":"https:\/\/maadraim.itos.pl\/?page_id=15539","og_locale":"pl_PL","og_type":"article","og_title":"Kolekcje - Maadraim - strona z tw\u00f3rczo\u015bci\u0105","og_description":"Longwood Gardens&nbsp;(2025) Drzewa w bieli (2025) Sudeckie widoki (2024) Kwietniowy wsch&oacute;d s\u0142o\u0144ca&nbsp;(2024) Jesienne barwy&nbsp;(2023) Pa\u017adziernikowy wsch&oacute;d s\u0142o\u0144ca&nbsp;(2023) Wrze\u015bniowy wsch&oacute;d s\u0142o\u0144ca&nbsp;(2023) Kwietniowa wiosna&nbsp;(2023) Droga na \u015anie\u017ck\u0119&nbsp;(2022)","og_url":"https:\/\/maadraim.itos.pl\/?page_id=15539","og_site_name":"Maadraim - strona z tw\u00f3rczo\u015bci\u0105","article_modified_time":"2025-06-09T14:33:40+00:00","og_image":[{"width":800,"height":800,"url":"https:\/\/maadraim.itos.pl\/wp-content\/uploads\/2023\/05\/Maadraim800.jpg","type":"image\/jpeg"}],"twitter_card":"summary_large_image","twitter_misc":{"Szacowany czas czytania":"1 minuta"},"schema":{"@context":"https:\/\/schema.org","@graph":[{"@type":"WebPage","@id":"https:\/\/maadraim.itos.pl\/?page_id=15539","url":"https:\/\/maadraim.itos.pl\/?page_id=15539","name":"Kolekcje - Maadraim - strona z tw\u00f3rczo\u015bci\u0105","isPartOf":{"@id":"https:\/\/maadraim.itos.pl\/#website"},"datePublished":"2025-06-03T12:29:06+00:00","dateModified":"2025-06-09T14:33:40+00:00","breadcrumb":{"@id":"https:\/\/maadraim.itos.pl\/?page_id=15539#breadcrumb"},"inLanguage":"pl-PL","potentialAction":[{"@type":"ReadAction","target":["https:\/\/maadraim.itos.pl\/?page_id=15539"]}]},{"@type":"BreadcrumbList","@id":"https:\/\/maadraim.itos.pl\/?page_id=15539#breadcrumb","itemListElement":[{"@type":"ListItem","position":1,"name":"Strona g\u0142\u00f3wna","item":"https:\/\/maadraim.itos.pl\/"},{"@type":"ListItem","position":2,"name":"Galerie zdj\u0119\u0107","item":"https:\/\/maadraim.itos.pl\/?page_id=707"},{"@type":"ListItem","position":3,"name":"Kolekcje"}]},{"@type":"WebSite","@id":"https:\/\/maadraim.itos.pl\/#website","url":"https:\/\/maadraim.itos.pl\/","name":"Maadraim - strona z tw\u00f3rczo\u015bci\u0105","description":"Miejsce artystycznej fantazji. Muzyka, zdj\u0119cia, filmiki, kartki.","alternateName":"Maadraim","potentialAction":[{"@type":"SearchAction","target":{"@type":"EntryPoint","urlTemplate":"https:\/\/maadraim.itos.pl\/?s={search_term_string}"},"query-input":{"@type":"PropertyValueSpecification","valueRequired":true,"valueName":"search_term_string"}}],"inLanguage":"pl-PL"}]}},"_links":{"self":[{"href":"https:\/\/maadraim.itos.pl\/index.php?rest_route=\/wp\/v2\/pages\/15539","targetHints":{"allow":["GET"]}}],"collection":[{"href":"https:\/\/maadraim.itos.pl\/index.php?rest_route=\/wp\/v2\/pages"}],"about":[{"href":"https:\/\/maadraim.itos.pl\/index.php?rest_route=\/wp\/v2\/types\/page"}],"author":[{"embeddable":true,"href":"https:\/\/maadraim.itos.pl\/index.php?rest_route=\/wp\/v2\/users\/1"}],"replies":[{"embeddable":true,"href":"https:\/\/maadraim.itos.pl\/index.php?rest_route=%2Fwp%2Fv2%2Fcomments&post=15539"}],"version-history":[{"count":11,"href":"https:\/\/maadraim.itos.pl\/index.php?rest_route=\/wp\/v2\/pages\/15539\/revisions"}],"predecessor-version":[{"id":15552,"href":"https:\/\/maadraim.itos.pl\/index.php?rest_route=\/wp\/v2\/pages\/15539\/revisions\/15552"}],"up":[{"embeddable":true,"href":"https:\/\/maadraim.itos.pl\/index.php?rest_route=\/wp\/v2\/pages\/707"}],"wp:attachment":[{"href":"https:\/\/maadraim.itos.pl\/index.php?rest_route=%2Fwp%2Fv2%2Fmedia&parent=15539"}],"curies":[{"name":"wp","href":"https:\/\/api.w.org\/{rel}","templated":true}]}}